{"id":2,"date":"2025-06-05T18:30:27","date_gmt":"2025-06-05T16:30:27","guid":{"rendered":"http:\/\/pogocpj.cluster100.hosting.ovh.net\/?page_id=2"},"modified":"2025-11-18T23:04:10","modified_gmt":"2025-11-18T22:04:10","slug":"valeurs","status":"publish","type":"page","link":"https:\/\/veganne.fr\/index.php\/valeurs\/","title":{"rendered":"Nos valeurs"},"content":{"rendered":"\t\t<div data-elementor-type=\"wp-page\" data-elementor-id=\"2\" class=\"elementor elementor-2\">\n\t\t\t\t<div class=\"elementor-element elementor-element-da5e2c6 e-flex e-con-boxed wpr-particle-no wpr-jarallax-no wpr-parallax-no wpr-sticky-section-no wpr-equal-height-no e-con e-parent\" data-id=\"da5e2c6\" data-element_type=\"container\" data-e-type=\"container\">\n\t\t\t\t\t<div class=\"e-con-inner\">\n\t\t\t\t<div class=\"elementor-element elementor-element-f454fda elementor-widget elementor-widget-heading\" data-id=\"f454fda\" data-element_type=\"widget\" data-e-type=\"widget\" data-widget_type=\"heading.default\">\n\t\t\t\t<div class=\"elementor-widget-container\">\n\t\t\t\t\t<h1 class=\"elementor-heading-title elementor-size-default\">L'\u00e9thique au c\u0153ur de la d\u00e9marche<\/h1>\t\t\t\t<\/div>\n\t\t\t\t<\/div>\n\t\t\t\t\t<\/div>\n\t\t\t\t<\/div>\n\t\t<div class=\"elementor-element elementor-element-e4c1294 e-flex e-con-boxed wpr-particle-no wpr-jarallax-no wpr-parallax-no wpr-sticky-section-no wpr-equal-height-no e-con e-parent\" data-id=\"e4c1294\" data-element_type=\"container\" data-e-type=\"container\">\n\t\t\t\t\t<div class=\"e-con-inner\">\n\t\t\t\t<div class=\"elementor-element elementor-element-2a5b764 elementor-widget elementor-widget-text-editor\" data-id=\"2a5b764\" data-element_type=\"widget\" data-e-type=\"widget\" data-widget_type=\"text-editor.default\">\n\t\t\t\t<div class=\"elementor-widget-container\">\n\t\t\t\t\t\t\t\t\t<p>Avant d\u2019arriver sur votre table, chaque plat est r\u00e9fl\u00e9chi pour avoir le moins d\u2019impact n\u00e9gatif possible :<\/p>\t\t\t\t\t\t\t\t<\/div>\n\t\t\t\t<\/div>\n\t\t\t\t\t<\/div>\n\t\t\t\t<\/div>\n\t\t<div class=\"elementor-element elementor-element-1a3443d e-flex e-con-boxed wpr-particle-no wpr-jarallax-no wpr-parallax-no wpr-sticky-section-no wpr-equal-height-no e-con e-parent\" data-id=\"1a3443d\" data-element_type=\"container\" data-e-type=\"container\">\n\t\t\t\t\t<div class=\"e-con-inner\">\n\t\t\t\t<div class=\"elementor-element elementor-element-637d65a elementor-widget elementor-widget-image\" data-id=\"637d65a\" data-element_type=\"widget\" data-e-type=\"widget\" data-widget_type=\"image.default\">\n\t\t\t\t<div class=\"elementor-widget-container\">\n\t\t\t\t\t\t\t\t\t\t\t\t\t\t\t<img fetchpriority=\"high\" decoding=\"async\" width=\"724\" height=\"1024\" src=\"https:\/\/veganne.fr\/wp-content\/uploads\/2025\/11\/Affiche-coupe-vent-Nos-engagements-724x1024.png\" class=\"attachment-large size-large wp-image-658\" alt=\"\" srcset=\"https:\/\/veganne.fr\/wp-content\/uploads\/2025\/11\/Affiche-coupe-vent-Nos-engagements-724x1024.png 724w, https:\/\/veganne.fr\/wp-content\/uploads\/2025\/11\/Affiche-coupe-vent-Nos-engagements-212x300.png 212w, https:\/\/veganne.fr\/wp-content\/uploads\/2025\/11\/Affiche-coupe-vent-Nos-engagements-768x1086.png 768w, https:\/\/veganne.fr\/wp-content\/uploads\/2025\/11\/Affiche-coupe-vent-Nos-engagements-1086x1536.png 1086w, https:\/\/veganne.fr\/wp-content\/uploads\/2025\/11\/Affiche-coupe-vent-Nos-engagements-600x849.png 600w, https:\/\/veganne.fr\/wp-content\/uploads\/2025\/11\/Affiche-coupe-vent-Nos-engagements.png 1414w\" sizes=\"(max-width: 724px) 100vw, 724px\" \/>\t\t\t\t\t\t\t\t\t\t\t\t\t\t\t<\/div>\n\t\t\t\t<\/div>\n\t\t\t\t\t<\/div>\n\t\t\t\t<\/div>\n\t\t<div class=\"elementor-element elementor-element-802a795 e-flex e-con-boxed wpr-particle-no wpr-jarallax-no wpr-parallax-no wpr-sticky-section-no wpr-equal-height-no e-con e-parent\" data-id=\"802a795\" data-element_type=\"container\" data-e-type=\"container\">\n\t\t\t\t\t<div class=\"e-con-inner\">\n\t\t<div class=\"elementor-element elementor-element-77e5f57 e-con-full e-flex wpr-particle-no wpr-jarallax-no wpr-parallax-no wpr-sticky-section-no wpr-equal-height-no e-con e-child\" data-id=\"77e5f57\" data-element_type=\"container\" data-e-type=\"container\">\n\t\t\t\t<div class=\"elementor-element elementor-element-3b7d249 elementor-widget elementor-widget-heading\" data-id=\"3b7d249\" data-element_type=\"widget\" data-e-type=\"widget\" data-widget_type=\"heading.default\">\n\t\t\t\t<div class=\"elementor-widget-container\">\n\t\t\t\t\t<h2 class=\"elementor-heading-title elementor-size-default\">A table avec le d\u00e9veloppement durable<\/h2>\t\t\t\t<\/div>\n\t\t\t\t<\/div>\n\t\t\t\t<div class=\"elementor-element elementor-element-d2c5b33 elementor-widget elementor-widget-text-editor\" data-id=\"d2c5b33\" data-element_type=\"widget\" data-e-type=\"widget\" data-widget_type=\"text-editor.default\">\n\t\t\t\t<div class=\"elementor-widget-container\">\n\t\t\t\t\t\t\t\t\t<p>Le respect de l&rsquo;environnement et de la nature est au c\u0153ur de la d\u00e9marche de Chez Veg\u2019Anne.<\/p>\t\t\t\t\t\t\t\t<\/div>\n\t\t\t\t<\/div>\n\t\t\t\t<div class=\"elementor-element elementor-element-c45a005 elementor-widget elementor-widget-text-editor\" data-id=\"c45a005\" data-element_type=\"widget\" data-e-type=\"widget\" data-widget_type=\"text-editor.default\">\n\t\t\t\t<div class=\"elementor-widget-container\">\n\t\t\t\t\t\t\t\t\t<ul class=\"font_9 wix-list-text-align color_15 wixui-rich-text__text\"><li class=\"wixui-rich-text__text\"><p class=\"font_9 wixui-rich-text__text\"><span class=\"color_15 wixui-rich-text__text\">L\u2019alimentation v\u00e9g\u00e9tale a un impact environnemental minime compar\u00e9 aux autres modes d&rsquo;alimentation.<\/span><\/p><\/li><li class=\"wixui-rich-text__text\"><p class=\"font_9 wixui-rich-text__text\"><span class=\"color_15 wixui-rich-text__text\">Les mati\u00e8res premi\u00e8res qui entrent dans la fabrication des plats sont majoritairement bio, locales et\/ou labellis\u00e9es.<\/span><\/p><\/li><li class=\"wixui-rich-text__text\"><p class=\"font_9 wixui-rich-text__text\"><span class=\"color_15 wixui-rich-text__text\">Les emballages individuels sont compostables, biod\u00e9gradables, recyclables et\/ou recycl\u00e9s.<\/span><\/p><\/li><li class=\"wixui-rich-text__text\"><p class=\"font_9 wixui-rich-text__text\"><span class=\"color_15 wixui-rich-text__text\">Vous pouvez venir avec vos propres contenants pour \u00e9viter d&rsquo;utiliser des emballages jetables.<\/span><\/p><\/li><\/ul>\t\t\t\t\t\t\t\t<\/div>\n\t\t\t\t<\/div>\n\t\t\t\t<div class=\"elementor-element elementor-element-b313c29 elementor-widget elementor-widget-image\" data-id=\"b313c29\" data-element_type=\"widget\" data-e-type=\"widget\" data-widget_type=\"image.default\">\n\t\t\t\t<div class=\"elementor-widget-container\">\n\t\t\t\t\t\t\t\t\t\t\t\t\t\t\t<img decoding=\"async\" width=\"1024\" height=\"683\" src=\"https:\/\/veganne.fr\/wp-content\/uploads\/2025\/06\/chloeka-burger-Chez-VegAnne-Fevrier-2017-42-1024x683.jpg\" class=\"attachment-large size-large wp-image-155\" alt=\"\" srcset=\"https:\/\/veganne.fr\/wp-content\/uploads\/2025\/06\/chloeka-burger-Chez-VegAnne-Fevrier-2017-42-1024x683.jpg 1024w, https:\/\/veganne.fr\/wp-content\/uploads\/2025\/06\/chloeka-burger-Chez-VegAnne-Fevrier-2017-42-300x200.jpg 300w, https:\/\/veganne.fr\/wp-content\/uploads\/2025\/06\/chloeka-burger-Chez-VegAnne-Fevrier-2017-42-768x512.jpg 768w, https:\/\/veganne.fr\/wp-content\/uploads\/2025\/06\/chloeka-burger-Chez-VegAnne-Fevrier-2017-42-1536x1024.jpg 1536w, https:\/\/veganne.fr\/wp-content\/uploads\/2025\/06\/chloeka-burger-Chez-VegAnne-Fevrier-2017-42-2048x1366.jpg 2048w\" sizes=\"(max-width: 1024px) 100vw, 1024px\" \/>\t\t\t\t\t\t\t\t\t\t\t\t\t\t\t<\/div>\n\t\t\t\t<\/div>\n\t\t\t\t<div class=\"elementor-element elementor-element-688fb44 elementor-widget elementor-widget-heading\" data-id=\"688fb44\" data-element_type=\"widget\" data-e-type=\"widget\" data-widget_type=\"heading.default\">\n\t\t\t\t<div class=\"elementor-widget-container\">\n\t\t\t\t\t<h2 class=\"elementor-heading-title elementor-size-default\">Un r\u00e9gal v\u00e9g\u00e9tal<\/h2>\t\t\t\t<\/div>\n\t\t\t\t<\/div>\n\t\t\t\t<div class=\"elementor-element elementor-element-ea60f89 elementor-widget elementor-widget-text-editor\" data-id=\"ea60f89\" data-element_type=\"widget\" data-e-type=\"widget\" data-widget_type=\"text-editor.default\">\n\t\t\t\t<div class=\"elementor-widget-container\">\n\t\t\t\t\t\t\t\t\t<p>L\u2019alimentation v\u00e9g\u00e9tale et bio est saine et b\u00e9n\u00e9fique \u00e0 la sant\u00e9.<br class=\"wixui-rich-text__text\" \/>Elle fournit tous les nutriments n\u00e9cessaires.<br class=\"wixui-rich-text__text\" \/>Elle est aussi id\u00e9ale pour les personnes intol\u00e9rantes aux produits d&rsquo;origine animale (poisson, produits laitiers, \u0153ufs&#8230;).<\/p><div id=\"comp-kotxbxsd\" class=\"Z_l5lU MMl86N zQ9jDz qvSjx3 Vq6kJx comp-kotxbxsd wixui-rich-text\" data-testid=\"richTextElement\"><div id=\"comp-kotxbxsd\" class=\"Z_l5lU MMl86N zQ9jDz qvSjx3 Vq6kJx comp-kotxbxsd wixui-rich-text\" data-testid=\"richTextElement\"><p class=\"font_0 wixui-rich-text__text\"><span class=\"color_15 wixui-rich-text__text\">\u00ab Que ton alimentation soit ta premi\u00e8re m\u00e9decine \u00bb Hippocrate<\/span><\/p><\/div><\/div>\t\t\t\t\t\t\t\t<\/div>\n\t\t\t\t<\/div>\n\t\t\t\t<div class=\"elementor-element elementor-element-57f4859 elementor-widget elementor-widget-image\" data-id=\"57f4859\" data-element_type=\"widget\" data-e-type=\"widget\" data-widget_type=\"image.default\">\n\t\t\t\t<div class=\"elementor-widget-container\">\n\t\t\t\t\t\t\t\t\t\t\t\t\t\t\t<img decoding=\"async\" width=\"768\" height=\"1024\" src=\"https:\/\/veganne.fr\/wp-content\/uploads\/2025\/06\/20231013_114102_01-768x1024.jpg\" class=\"attachment-large size-large wp-image-473\" alt=\"\" srcset=\"https:\/\/veganne.fr\/wp-content\/uploads\/2025\/06\/20231013_114102_01-768x1024.jpg 768w, https:\/\/veganne.fr\/wp-content\/uploads\/2025\/06\/20231013_114102_01-225x300.jpg 225w, https:\/\/veganne.fr\/wp-content\/uploads\/2025\/06\/20231013_114102_01-1152x1536.jpg 1152w, https:\/\/veganne.fr\/wp-content\/uploads\/2025\/06\/20231013_114102_01-1536x2048.jpg 1536w, https:\/\/veganne.fr\/wp-content\/uploads\/2025\/06\/20231013_114102_01-scaled.jpg 1920w\" sizes=\"(max-width: 768px) 100vw, 768px\" \/>\t\t\t\t\t\t\t\t\t\t\t\t\t\t\t<\/div>\n\t\t\t\t<\/div>\n\t\t\t\t<div class=\"elementor-element elementor-element-178d5d0 elementor-widget elementor-widget-heading\" data-id=\"178d5d0\" data-element_type=\"widget\" data-e-type=\"widget\" data-widget_type=\"heading.default\">\n\t\t\t\t<div class=\"elementor-widget-container\">\n\t\t\t\t\t<h2 class=\"elementor-heading-title elementor-size-default\">Qui est Veg'Anne ?<\/h2>\t\t\t\t<\/div>\n\t\t\t\t<\/div>\n\t\t\t\t<div class=\"elementor-element elementor-element-104846e elementor-widget elementor-widget-text-editor\" data-id=\"104846e\" data-element_type=\"widget\" data-e-type=\"widget\" data-widget_type=\"text-editor.default\">\n\t\t\t\t<div class=\"elementor-widget-container\">\n\t\t\t\t\t\t\t\t\t<p class=\"font_9 wixui-rich-text__text\"><span class=\"color_15 wixui-rich-text__text\">Moi c&rsquo;est Anne ! Je me suis lanc\u00e9e dans l&rsquo;aventure Chez Veg&rsquo;Anne en juin 2016, \u00e0 l&rsquo;\u00e2ge de 31 ans.<br class=\"wixui-rich-text__text\" \/><br class=\"wixui-rich-text__text\" \/>V\u00e9gane convaincue, militante et autodidacte en cuisine v\u00e9g\u00e9tale, anciennement responsable adjointe en magasin biologique, j&rsquo;ai d\u00e9cid\u00e9 de quitter mon emploi en ao\u00fbt 2015 pour allier mes convictions et mes apprentissages en allant \u00e0 la rencontre d&rsquo;un public connaisseur, int\u00e9ress\u00e9 ou simplement curieux. L&rsquo;envie de faire d\u00e9couvrir et d\u00e9mocratiser cette alimentation \u00e9thique me tient particuli\u00e8rement \u00e0 c\u0153ur et m&rsquo;a aid\u00e9 \u00e0 porter ce projet \u00e0 terme puis \u00e0 sillonner les routes d&rsquo;Alsace depuis 2016.<\/span><\/p><p class=\"font_9 wixui-rich-text__text\"><span class=\"color_15 wixui-rich-text__text\"><br class=\"wixui-rich-text__text\" \/>Le projet initial a \u00e9t\u00e9 financ\u00e9\u00a0 en partie gr\u00e2ce aux 253 contribut-rices-eurs, qui ont permis de r\u00e9colter 13080\u20ac via un financement participatif. Un Food truck d&rsquo;occasion a pu \u00eatre achet\u00e9 pour d\u00e9marrer l&rsquo;activit\u00e9.<\/span><\/p><p>En 2023, apr\u00e8s 7 ans d&rsquo;activit\u00e9 intense, un nouveau food truck, r\u00e9alis\u00e9 sur mesure, a pu \u00eatre acquis et permet d\u00e9sormais d&rsquo;offrir un espace de service pour l&rsquo;\u00e9quipe et d&rsquo;accueil des client\u00b7e\u00b7s beaucoup plus agr\u00e9able.<\/p><p>De nombreuses ann\u00e9es de promotion de l&rsquo;alimentation v\u00e9g\u00e9tale sont encore \u00e0 venir ! En esp\u00e9rant vous avoir toujours \u00e0 mes c\u00f4t\u00e9 dans cette folle aventure !<\/p>\t\t\t\t\t\t\t\t<\/div>\n\t\t\t\t<\/div>\n\t\t\t\t<\/div>\n\t\t\t\t\t<\/div>\n\t\t\t\t<\/div>\n\t\t<div class=\"elementor-element elementor-element-7a5b277 e-flex e-con-boxed wpr-particle-no wpr-jarallax-no wpr-parallax-no wpr-sticky-section-no wpr-equal-height-no e-con e-parent\" data-id=\"7a5b277\" data-element_type=\"container\" data-e-type=\"container\">\n\t\t\t\t\t<div class=\"e-con-inner\">\n\t\t\t\t\t<\/div>\n\t\t\t\t<\/div>\n\t\t<div class=\"elementor-element elementor-element-7913cc5 e-flex e-con-boxed wpr-particle-no wpr-jarallax-no wpr-parallax-no wpr-sticky-section-no wpr-equal-height-no e-con e-parent\" data-id=\"7913cc5\" data-element_type=\"container\" data-e-type=\"container\">\n\t\t\t\t\t<div class=\"e-con-inner\">\n\t\t\t\t<div class=\"elementor-element elementor-element-3e8ad81 elementor-widget elementor-widget-image\" data-id=\"3e8ad81\" data-element_type=\"widget\" data-e-type=\"widget\" data-widget_type=\"image.default\">\n\t\t\t\t<div class=\"elementor-widget-container\">\n\t\t\t\t\t\t\t\t\t\t\t\t\t\t\t<img loading=\"lazy\" decoding=\"async\" width=\"713\" height=\"1024\" src=\"https:\/\/veganne.fr\/wp-content\/uploads\/2025\/06\/Anniversaire-5-ans--713x1024.jpg\" class=\"attachment-large size-large wp-image-158\" alt=\"\" srcset=\"https:\/\/veganne.fr\/wp-content\/uploads\/2025\/06\/Anniversaire-5-ans--713x1024.jpg 713w, https:\/\/veganne.fr\/wp-content\/uploads\/2025\/06\/Anniversaire-5-ans--209x300.jpg 209w, https:\/\/veganne.fr\/wp-content\/uploads\/2025\/06\/Anniversaire-5-ans--768x1102.jpg 768w, https:\/\/veganne.fr\/wp-content\/uploads\/2025\/06\/Anniversaire-5-ans--1070x1536.jpg 1070w, https:\/\/veganne.fr\/wp-content\/uploads\/2025\/06\/Anniversaire-5-ans-.jpg 1080w\" sizes=\"(max-width: 713px) 100vw, 713px\" \/>\t\t\t\t\t\t\t\t\t\t\t\t\t\t\t<\/div>\n\t\t\t\t<\/div>\n\t\t\t\t\t<\/div>\n\t\t\t\t<\/div>\n\t\t\t\t<\/div>\n\t\t","protected":false},"excerpt":{"rendered":"<p>L&rsquo;\u00e9thique au c\u0153ur de la d\u00e9marche Avant d\u2019arriver sur votre table, chaque plat est r\u00e9fl\u00e9chi pour avoir le moins d\u2019impact n\u00e9gatif possible : A table avec le d\u00e9veloppement durable Le respect de l&rsquo;environnement et de la nature est au c\u0153ur de la d\u00e9marche de Chez Veg\u2019Anne. L\u2019alimentation v\u00e9g\u00e9tale a un impact environnemental minime compar\u00e9 aux autres modes d&rsquo;alimentation. Les mati\u00e8res premi\u00e8res qui entrent dans la fabrication des plats sont majoritairement bio, locales et\/ou labellis\u00e9es. Les emballages individuels sont compostables, biod\u00e9gradables, recyclables et\/ou recycl\u00e9s. Vous pouvez venir avec vos propres contenants pour \u00e9viter d&rsquo;utiliser des emballages jetables. Un r\u00e9gal v\u00e9g\u00e9tal L\u2019alimentation v\u00e9g\u00e9tale et bio est saine et b\u00e9n\u00e9fique \u00e0 la sant\u00e9.Elle fournit tous les nutriments n\u00e9cessaires.Elle est aussi id\u00e9ale pour les personnes intol\u00e9rantes aux produits d&rsquo;origine animale (poisson, produits laitiers, \u0153ufs&#8230;). \u00ab Que ton alimentation soit ta premi\u00e8re m\u00e9decine \u00bb Hippocrate Qui est Veg&rsquo;Anne ? Moi c&rsquo;est Anne ! Je me suis lanc\u00e9e dans l&rsquo;aventure Chez Veg&rsquo;Anne en juin 2016, \u00e0 l&rsquo;\u00e2ge de 31 ans. V\u00e9gane convaincue, militante et autodidacte en cuisine v\u00e9g\u00e9tale, anciennement responsable adjointe en magasin biologique, j&rsquo;ai d\u00e9cid\u00e9 de quitter mon emploi en ao\u00fbt 2015 pour allier mes convictions et mes apprentissages en allant \u00e0 la rencontre d&rsquo;un public connaisseur, int\u00e9ress\u00e9 ou simplement curieux. L&rsquo;envie de faire d\u00e9couvrir et d\u00e9mocratiser cette alimentation \u00e9thique me tient particuli\u00e8rement \u00e0 c\u0153ur et m&rsquo;a aid\u00e9 \u00e0 porter ce projet \u00e0 terme puis \u00e0 sillonner les routes d&rsquo;Alsace depuis 2016. Le projet initial a \u00e9t\u00e9 financ\u00e9\u00a0 en partie gr\u00e2ce aux 253 contribut-rices-eurs, qui ont permis de r\u00e9colter 13080\u20ac via un financement participatif. Un Food truck d&rsquo;occasion a pu \u00eatre achet\u00e9 pour d\u00e9marrer l&rsquo;activit\u00e9. En 2023, apr\u00e8s 7 ans d&rsquo;activit\u00e9 intense, un nouveau food truck, r\u00e9alis\u00e9 sur mesure, a pu \u00eatre acquis et permet d\u00e9sormais d&rsquo;offrir un espace de service pour l&rsquo;\u00e9quipe et d&rsquo;accueil des client\u00b7e\u00b7s beaucoup plus agr\u00e9able. De nombreuses ann\u00e9es de promotion de l&rsquo;alimentation v\u00e9g\u00e9tale sont encore \u00e0 venir ! En esp\u00e9rant vous avoir toujours \u00e0 mes c\u00f4t\u00e9 dans cette folle aventure !<\/p>\n","protected":false},"author":1,"featured_media":0,"parent":0,"menu_order":0,"comment_status":"closed","ping_status":"closed","template":"","meta":{"site-sidebar-layout":"no-sidebar","site-content-layout":"","ast-site-content-layout":"full-width-container","site-content-style":"default","site-sidebar-style":"default","ast-global-header-display":"","ast-banner-title-visibility":"","ast-main-header-display":"","ast-hfb-above-header-display":"","ast-hfb-below-header-display":"","ast-hfb-mobile-header-display":"","site-post-title":"disabled","ast-breadcrumbs-content":"","ast-featured-img":"disabled","footer-sml-layout":"","theme-transparent-header-meta":"","adv-header-id-meta":"","stick-header-meta":"","header-above-stick-meta":"","header-main-stick-meta":"","header-below-stick-meta":"","astra-migrate-meta-layouts":"default","ast-page-background-enabled":"default","ast-page-background-meta":{"desktop":{"background-color":"var(--ast-global-color-5)","background-image":"","background-repeat":"repeat","background-position":"center center","background-size":"auto","background-attachment":"scroll","background-type":"","background-media":"","overlay-type":"","overlay-color":"","overlay-opacity":"","overlay-gradient":""},"tablet":{"background-color":"","background-image":"","background-repeat":"repeat","background-position":"center center","background-size":"auto","background-attachment":"scroll","background-type":"","background-media":"","overlay-type":"","overlay-color":"","overlay-opacity":"","overlay-gradient":""},"mobile":{"background-color":"","background-image":"","background-repeat":"repeat","background-position":"center center","background-size":"auto","background-attachment":"scroll","background-type":"","background-media":"","overlay-type":"","overlay-color":"","overlay-opacity":"","overlay-gradient":""}},"ast-content-background-meta":{"desktop":{"background-color":"var(--ast-global-color-4)","background-image":"","background-repeat":"repeat","background-position":"center center","background-size":"auto","background-attachment":"scroll","background-type":"","background-media":"","overlay-type":"","overlay-color":"","overlay-opacity":"","overlay-gradient":""},"tablet":{"background-color":"var(--ast-global-color-4)","background-image":"","background-repeat":"repeat","background-position":"center center","background-size":"auto","background-attachment":"scroll","background-type":"","background-media":"","overlay-type":"","overlay-color":"","overlay-opacity":"","overlay-gradient":""},"mobile":{"background-color":"var(--ast-global-color-4)","background-image":"","background-repeat":"repeat","background-position":"center center","background-size":"auto","background-attachment":"scroll","background-type":"","background-media":"","overlay-type":"","overlay-color":"","overlay-opacity":"","overlay-gradient":""}},"footnotes":""},"class_list":["post-2","page","type-page","status-publish","hentry"],"jetpack_sharing_enabled":true,"_links":{"self":[{"href":"https:\/\/veganne.fr\/index.php\/wp-json\/wp\/v2\/pages\/2","targetHints":{"allow":["GET"]}}],"collection":[{"href":"https:\/\/veganne.fr\/index.php\/wp-json\/wp\/v2\/pages"}],"about":[{"href":"https:\/\/veganne.fr\/index.php\/wp-json\/wp\/v2\/types\/page"}],"author":[{"embeddable":true,"href":"https:\/\/veganne.fr\/index.php\/wp-json\/wp\/v2\/users\/1"}],"replies":[{"embeddable":true,"href":"https:\/\/veganne.fr\/index.php\/wp-json\/wp\/v2\/comments?post=2"}],"version-history":[{"count":29,"href":"https:\/\/veganne.fr\/index.php\/wp-json\/wp\/v2\/pages\/2\/revisions"}],"predecessor-version":[{"id":803,"href":"https:\/\/veganne.fr\/index.php\/wp-json\/wp\/v2\/pages\/2\/revisions\/803"}],"wp:attachment":[{"href":"https:\/\/veganne.fr\/index.php\/wp-json\/wp\/v2\/media?parent=2"}],"curies":[{"name":"wp","href":"https:\/\/api.w.org\/{rel}","templated":true}]}}